s n(27)?
15
Let n(b) = -b**3 + 81*b**2 + 469*b - 18143. What is n(84)?
85
Let s(p) = 17291*p + 34617. What is s(-2)?
35
Let m(z) = z**2 + 87*z - 7647. Determine m(-132).
-1707
Let y(x) = -34*x**2 - 34*x + 15. Calculate y(-2).
-53
Let b(o) = 5*o**2 + 395*o + 6430. Calculate b(-20).
530
Let t(s) = 2*s**2 + 46*s + 152. Calculate t(-3).
32
Let r(c) = 8*c**2 - 774*c - 23539. Determine r(121).
-65
Let k(l) = -l**3 - 80*l**2 - 486*l - 45984. What is k(-81)?
-57
Let z(k) = 50807*k**2 + 3861331*k - 72. Calculate z(-76).
4
Let s(a) = 4*a**3 - 18*a**2 + 6*a + 104. Determine s(6).
356
Let r(o) = 2*o**3 + 115*o**2 + 167*o - 228. Give r(-56).
-172
Let i(x) = 381*x + 58530. What is i(-152)?
618
Let v(w) = -63*w**3 - w**2 - 54*w + 53. Determine v(1).
-65
Let j(o) = -25*o**3 + 75*o**2 - 3*o + 6. What is j(3)?
-3
Let d(b) = -399*b + 3175. Determine d(7).
382
Let w(r) = 107202*r + 4716884. What is w(-44)?
-4
Let i(b) = -b**3 + 337*b**2 + 16765*b + 386. Give i(381).
767
Let g(p) = -21*p**2 + 2053*p - 3935. Give g(96).
-383
Let i(f) = -1357*f - 2550. Give i(-2).
164
Let t(s) = -841*s - 1152185. Give t(-1370).
-15
Let r(p) = -40*p**2 + 1146*p + 157. Calculate r(29).
-249
Let m(r) = -1954*r + 48857. Give m(25).
7
Let a(s) = s**3 + 11*s**2 + 70*s - 45. Determine a(-9).
-513
Let p(y) = -669*y + 10700. What is p(16)?
-4
Let z(m) = -15*m**3 - 1007*m**2 - 129*m + 302. Give z(-67).
-33
Let c(w) = -2098*w + 25169. Calculate c(12).
-7
Let g(j) = -53*j**2 - 232*j - 615. Determine g(-12).
-5463
Let d(q) = 3220*q - 7061. What is d(3)?
2599
Let b(k) = k**3 + 12*k**2 - 45*k + 6. Calculate b(-7).
566
Let d(a) = -13*a**2 - 731*a - 9383. Give d(-20).
37
Let z(p) = p**3 - 238*p**2 - 128725*p - 522. Determine z(-259).
-4
Let k(d) = -64*d**3 - 3532*d**2 - 661*d - 51. Determine k(-55).
4
Let w(z) = -169655*z - 3223403. Calculate w(-19).
42
Let m(v) = -8*v**3 + 305*v**2 - 22*v - 664. Calculate m(38).
-56
Let h(l) = l**3 + 81*l**2 + 1273*l + 15136. Determine h(-65).
-9
Let p(x) = -1797*x + 399120. What is p(222)?
186
Let c(t) = t**3 + 21*t**2 + 99*t + 1155. Determine c(-19).
-4
Let d(g) = g**3 + 3*g**2 - 338*g - 1329. Calculate d(-4).
7
Let z(i) = i**3 - 6*i**2 - 215*i - 153. Give z(17).
-629
Let u(v) = -v**2 + 780*v - 73749. Give u(110).
-49
Let x(j) = -19751*j - 197764. Give x(-10).
-254
Let y(j) = -17551*j + 56865240. Calculate y(3240).
0
Let h(z) = z**3 - 50*z**2 + 344*z - 98. What is h(8)?
-34
Let x(f) = 29*f**2 + 1702*f + 16235. What is x(-12)?
-13
Let v(x) = -79*x - 11249. Calculate v(-147).
364
Let v(y) = -6*y**2 - 716*y - 2496. Give v(-118).
-1552
Let o(v) = 8*v**2 + 525*v + 165. Give o(-67).
902
Let g(r) = -23*r**3 + 111*r**2 - 128*r. Give g(4).
-208
Let r(d) = -11636*d - 302535. Calculate r(-26).
1
Let c(w) = 9*w**2 + 281*w - 12657. Calculate c(25).
-7
Let p(h) = -30*h**2 - 633*h + 24. What is p(-9)?
3291
Let w(g) = -20875*g + 1482118. Determine w(71).
-7
Let g(l) = -506*l**2 + 92112*l - 3658. Calculate g(182).
-18
Let z(y) = 13616*y - 107825. Give z(8).
1103
Let v(y) = 2*y**3 - 665*y**2 - 6531*y + 11283. What is v(342)?
-3
Let w(p) = p**3 + 21*p**2 - 151*p - 3540. Give w(-19).
51
Let u(n) = n**3 + 244*n**2 - 706*n + 8647. What is u(-247)?
2
Let v(x) = -x**3 - 24*x**2 - 64*x - 83. Determine v(-14).
-1147
Let l(v) = -4532*v - 22545. Calculate l(-5).
115
Let f(j) = 5*j**3 + 32*j**2 + 73*j + 736. Give f(-12).
-4172
Let o(b) = 544*b - 8515. Calculate o(14).
-899
Let k(g) = 34204*g + 68467. Calculate k(-2).
59
Let f(o) = 22*o**3 - 144*o**2 + 110*o + 2. Give f(1).
-10
Let g(o) = 37*o**3 - 3476*o**2 - 168*o - 1868. Calculate g(94).
12
Let x(g) = g**3 - 226*g**2 - 28441*g - 99. Calculate x(-90).
-9
Let y(w) = 8*w**2 - 3735*w - 7848. Calculate y(469).
125
Let g(c) = 3302*c + 181616. What is g(-55)?
6
Let b(x) = 852*x - 11560. What is b(12)?
-1336
Let z(k) = k**3 - 35*k**2 - 119*k + 2649. What is z(36)?
-339
Let p(v) = -1457*v + 3365. Give p(3).
-1006
Let q(s) = 3*s**2 - 2794*s + 11144. What is q(4)?
16
Let t(z) = -42*z**3 + z**2 - 149*z - 309. What is t(-2)?
329
Let h(y) = -y**2 - 352*y + 25696. What is h(-414)?
28
Let i(c) = -35*c + 8728. Determine i(255).
-197
Let s(z) = 51787*z + 310706. What is s(-6)?
-16
Let g(p) = -p**3 - 93*p**2 - 659*p + 57. Determine g(-7).
456
Let a(g) = -g**2 + 73*g - 461. Calculate a(53).
599
Let t(h) = -3*h**2 + 3480*h - 137060. Calculate t(41).
577
Let x(j) = -13*j**3 + 465*j**2 + 12*j - 530. Give x(36).
-3986
Let o(j) = 80*j + 2540. What is o(-39)?
-580
Let l(g) = -12*g**2 - 222*g - 3817. Determine l(-18).
-3709
Let a(c) = -7860*c**2 - 62879*c + 22. Determine a(-8).
14
Let z(d) = 4*d**3 - 1309*d**2 + 329*d + 95. Give z(327).
749
Let z(h) = 2*h**3 + 40*h**2 + 68*h + 1367. Determine z(-20).
7
Let o(x) = 2*x**2 - 61*x + 361. Determine o(41).
1222
Let i(l) = 6*l**2 - 127*l - 339. Calculate i(22).
-229
Let m(t) = 1925*t + 7743. Calculate m(-4).
43
Let d(u) = -261*u**2 - 71*u - 62. Give d(-1).
-252
Let z(k) = 2*k**3 - 3785*k**2 + 45132*k + 14. Determine z(12).
14
Let y(u) = 16594*u - 66072. Calculate y(4).
304
Let q(y) = -18806*y + 1504484. What is q(80)?
4
Let b(o) = -o**3 + 70*o**2 + 90*o + 681. Calculate b(72).
-3207
Let r(j) = -33202*j - 331917. Determine r(-10).
103
Let x(g) = g**3 + 83*g**2 + 1566*g + 1. What is x(-54)?
1
Let u(k) = -51*k**2 + 680*k - 1850. Give u(10).
-150
Let m(u) = 5*u**3 - 519*u**2 + 2603*u - 184. Calculate m(5).
481
Let i(u) = -276*u - 46484. What is i(-175)?
1816
Let p(c) = 334*c - 5425. Give p(16).
-81
Let k(o) = 4623001*o - 41607022. Calculate k(9).
-13
Let h(q) = -q**2 - 1689*q + 22334. What is h(13)?
208
Let s(p) = -39*p**2 - 728*p - 112. Give s(-18).
356
Let f(k) = k**2 + 121*k + 1297. What is f(-103)?
-557
Let k(c) = 5540*c + 1047099. Give k(-189).
39
Let t(a) = 109632*a - 1754129. What is t(16)?
-17
Let i(s) = -142938*s - 3716364. What is i(-26)?
24
Let l(g) = -7*g**3 - 223*g**2 + 94*g + 1654. Give l(-32).
-330
Let l(y) = -37781*y - 15. Calculate l(0).
-15
Let x(y) = -10320*y**2 + 206397*y + 22. Give x(20).
-38
Let j(p) = -626*p - 2311. Calculate j(-4).
193
Let c(t) = -139*t + 3219. Calculate c(11).
1690
Let k(u) = -1965*u - 45142. Determine k(-23).
53
Let n(u) = -2*u**3 + 171*u**2 - 1426*u - 1277. What is n(76)?
91
Let z(n) = -23705*n + 640078. Calculate z(27).
43
Let t(a) = a**2 - 260*a + 1451. Give t(6).
-73
Let c(w) = -2928*w + 123504. Determine c(42).
528
Let c(o) = -628*o - 11074. What is c(-17)?
-398
Let f(y) = -51*y**2 + 186*y - 678. Calculate f(4).
-750
Let y(z) = z**3 - 12*z**2 + 4710*z - 56570. Determine y(12).
-50
Let j(n) = -1230*n - 3957. Determine j(-3).
-267
Let j(b) = b**3 - 92*b**2 - 76*b - 1002. Give j(93).
579
Let o(a) = -7127*a + 655679. Calculate o(92).
-5
Let k(g) = -1323*g**2 + 984*g + 988. Give k(-1).
-1319
Let q(g) = 5*g**3 + 2*g**2 + 297*g + 1902. Give q(-7).
-1794
Let x(y) = 4*y**2 + 68072*y - 272355. Calculate x(4).
-3
Let s(a) = 9956*a**2 - 198978*a - 2830. What is s(20)?
10
Let i(x) = 5*x**3 - 34*x**2 + 193*x - 1563. Give i(8).
365
Let c(y) = 323*y**3 + 27457*y**2 + 168*y - 168. Give c(-85).
2
Let d(j) = 248*j**2 + 18*j + 143. Give d(0).
143
Let u(d) = 49*d + 4114. What is u(-66)?
880
Let h(j) = j**3 + 3337*j**2 + 39899*j - 8. What is h(-12)?
4
Let z(c) = 19177*c + 325995. Calculate z(-17).
-14
Let a(c) = -57*c**2 + 82653*c - 4359. What is a(1450)?
-9
Let r(i) = 3*i**2 - 723*i + 42757. Determine r(137).
13
Let p(y) = 8*y**3 + 9*y**2 + 108*y + 369. What is p(-4)?
-431
Let w(c) = -2963*c - 2542258. What is w(-858)?
-4
Let o(j) = j**3 - 95*j**2 - 719*j + 68341. Give o(95).
36
Let v(c) = 12*c**2 + 1479*c - 4237. What is v(-126)?
-79
Let d(n) = -n**3 + 17*n**2 - 29*n - 69. Determine d(13).
230
Let a(w) = -12*w**2 + 4284*w - 12738. Determine a(3).
6
Let l(f) = -10211*f + 112308. Calculate l(11).
-13
Let g(v) = 2*v**2 - 438*v + 4554. Calculate g(207).
-414
Let v(p) = -12105*p + 108883. Calculate v(9).
-62
Let x(l) = 5*l**3 + 1455*l**2 - 155214*l - 1500. Calculate x(-374).
-4
Let w(f) = -53*f**2 + 837*f - 38. Give w(12).
2374
Let j(m) = 2*m**3 + 27*m**2 - 48*m - 605. Calculate j(5).
80
Let n(h) = 295*h + 97948. Calculate n(-332).
8
Let a(q) = -q**2 + 384*q + 735788. Determine a(1071).
11
Let z(h) = -6520*h + 984487. What is z(151)?
-33
Let a(j) = 6191*j**2 + 37217*j + 469. Give a(-6).
43
Let k(o) 